 units digit of 1127?
7
What is the tens digit of 3142?
4
What is the tens digit of 2444?
4
What is the tens digit of 19245?
4
What is the hundreds digit of 42397?
3
What is the units digit of 1738?
8
What is the ten thousands digit of 84862?
8
What is the tens digit of 28168?
6
What is the hundreds digit of 4979?
9
What is the thousands digit of 6615?
6
What is the hundreds digit of 28469?
4
What is the units digit of 56571?
1
What is the hundreds digit of 5750?
7
What is the tens digit of 1558?
5
What is the tens digit of 7951?
5
What is the thousands digit of 7708?
7
What is the tens digit of 2295?
9
What is the ten thousands digit of 126293?
2
What is the thousands digit of 1067?
1
What is the hundreds digit of 3203?
2
What is the hundreds digit of 580?
5
What is the ten thousands digit of 29053?
2
What is the units digit of 2011?
1
What is the hundreds digit of 1443?
4
What is the tens digit of 32?
3
What is the hundred thousands digit of 139930?
1
What is the hundreds digit of 3942?
9
What is the thousands digit of 6898?
6
What is the units digit of 7189?
9
What is the hundreds digit of 74934?
9
What is the units digit of 388?
8
What is the hundreds digit of 547?
5
What is the tens digit of 573?
7
What is the hundreds digit of 22870?
8
What is the tens digit of 8194?
9
What is the units digit of 997?
7
What is the hundreds digit of 158?
1
What is the hundreds digit of 172045?
0
What is the hundreds digit of 5271?
2
What is the tens digit of 231?
3
What is the tens digit of 719?
1
What is the tens digit of 1611?
1
What is the hundreds digit of 4956?
9
What is the hundreds digit of 12023?
0
What is the hundreds digit of 101?
1
What is the thousands digit of 3676?
3
What is the hundreds digit of 4166?
1
What is the hundreds digit of 30790?
7
What is the thousands digit of 30303?
0
What is the thousands digit of 1217?
1
What is the hundreds digit of 1374?
3
What is the units digit of 2836?
6
What is the hundreds digit of 60688?
6
What is the units digit of 27077?
7
What is the units digit of 1907?
7
What is the units digit of 20302?
2
What is the hundreds digit of 9543?
5
What is the hundreds digit of 68773?
7
What is the tens digit of 6168?
6
What is the thousands digit of 1820?
1
What is the hundreds digit of 30816?
8
What is the hundreds digit of 44660?
6
What is the hundreds digit of 58022?
0
What is the units digit of 25547?
7
What is the hundreds digit of 35265?
2
What is the units digit of 2352?
2
What is the hundreds digit of 502?
5
What is the ten thousands digit of 45614?
4
What is the hundreds digit of 1150?
1
What is the units digit of 116908?
8
What is the thousands digit of 6300?
6
What is the units digit of 702?
2
What is the tens digit of 5395?
9
What is the units digit of 95826?
6
What is the hundreds digit of 10175?
1
What is the tens digit of 197?
9
What is the hundreds digit of 1565?
5
What is the units digit of 10716?
6
What is the tens digit of 131252?
5
What is the units digit of 189?
9
What is the hundreds digit of 535?
5
What is the tens digit of 15122?
2
What is the units digit of 12892?
2
What is the thousands digit of 8600?
8
What is the ten thousands digit of 32222?
3
What is the units digit of 1897?
7
What is the tens digit of 774?
7
What is the hundreds digit of 1282?
2
What is the thousands digit of 6163?
6
What is the tens digit of 9333?
3
What is the tens digit of 1011?
1
What is the hundreds digit of 487?
4
What is the hundreds digit of 34487?
4
What is the thousands digit of 3514?
3
What is the units digit of 7607?
7
What is the tens digit of 1763?
6
What is the thousands digit of 3333?
3
What is the tens digit of 12344?
4
What is the units digit of 789?
9
What is the thousands digit of 11118?
1
What is the tens digit of 88176?
7
What is the units digit of 65952?
2
What is the thousands digit of 76642?
6
What is the units digit of 1038?
8
What is the hundreds digit of 310?
3
What is the hundreds digit of 47925?
9
What is the units digit of 1234?
4
What is the thousands digit of 1424?
1
What is the hundreds digit of 310?
3
What is the tens digit of 789?
8
What is the thousands digit of 3259?
3
What is the units digit of 13253?
3
What is the hundreds digit of 62483?
4
What is the ten thousands digit of 40439?
4
What is the tens digit of 447?
4
What is the tens digit of 1006?
0
What is the hundreds digit of 1300?
3
What is the hundreds digit of 713?
7
What is the tens digit of 6158?
5
What is the tens digit of 3578?
7
What is the units digit of 1031?
1
What is the hundreds digit of 3854?
8
What is the units digit of 36?
6
What is the units digit of 42854?
4
What is the hundreds digit of 5265?
2
What is the tens digit of 55092?
9
What is the units digit of 2198?
8
What is the tens digit of 2171?
7
What is the hundreds digit of 25566?
5
What is the thousands digit of 9762?
9
What is the ten thousands digit of 77523?
7
What is the tens digit of 174?
7
What is the hundreds digit of 54535?
5
What is the units digit of 2771?
1
What is the tens digit of 7632?
3
What is the tens digit of 727?
2
What is the tens digit of 26826?
2
What is the tens digit of 931?
3
What is the units digit of 3932?
2
What is the units digit of 2088?
8
What is the units digit of 29668?
8
What is the hundreds digit of 3302?
3
What is the tens digit of 11072?
7
What is the units digit of 563?
3
What is the ten thousands digit of 37642?
3
What is the units digit of 10721?
1
What is the hundreds digit of 4625?
6
What is the units digit of 43429?
9
What is the thousands digit of 1767?
1
What is the hundreds digit of 21944?
9
What is the units digit of 22637?
7
What is the hundreds digit of 531?
5
What is the units digit of 4148?
8
What is the ten thousands digit of 42770?
4
What is the thousands digit of 26544?
6
What is the tens digit of 3447?
4
What is the hundreds digit of 1233?
2
What is the units digit of 536?
6
What is the thousands digit of 5621?
5
What is the hundreds digit of 2170?
1
What is the tens digit of 403?
0
What is the units digit of 314?
4
What is the tens digit of 33919?
1
What is the hundreds digit of 566?
5
What is the tens digit of 3915?
1
What is the tens digit of 21741?
4
What is the hundreds digit of 7941?
9
What is the units digit of 34852?
2
What is the tens digit of 4903?
0
What is the ten thousands digit of 44906?
4
What is the units digit of 6487?
7
What is the units digit of 1063?
3
What is the units digit of 893?
3
What is the units digit of 6?
6
What is the thousands digit of 2023?
2
What is the units digit of 43?
3
What is the thousands digit of 1129?
1
What is the tens digit of 4867?
6
What is the tens digit of 212?
1
What is the units digit of 5824?
4
What is the thousands digit of 63599?
3
What is the hundred thousands digit of 102459?
1
What is the units digit of 1228?
8
What is the tens digit of 39908?
0
What is the hundreds digit of 22975?
9
What is the hundreds digit of 4924?
9
What is the ten thousands digit of 37113?
3
What is the hundreds digit of 720?
7
What is the thousands digit of 13022?
3
What is the hundreds digit of 1208?
2
What is the ten thousands digit of 54065?
5
What is the thousands digit of 11345?
1
What is the tens digit of 98?
9
What is the ten thousands digit of 19134?
1
What is the thousands digit of 19249?
9
What is the thousands digit of 3847?
3
What is the units digit of 49138?
8
What is the tens digit of 123975?
7
What is the tens digit of 1283?
8
What is the units digit of 46277?
7
What is the hundreds digit of 197650?
6
What is the ten thousands digit of 25600?
2
What is the hundreds digit of 772?
7
What is the thousands digit of 1085?
1
What is the hundreds digit of 3971?
9
What is the units digit of 862?
2
What is the hundreds digit of 1178?
1
What is the ten thousands digit of 33873?
3
What is the tens digit of 27382?
8
What is the tens digit of 272?
7
What is the thousands digit of 11400?
1
What is the units digit of 1074?
4
What is the tens digit of 67596?
9
What is the units digit of 1559?
9
What is the thousands digit of 14718?
4
What is the units digit of 25393?
3
What is the hundreds digit of 3177?
1
What is the tens digit of 586?
8
What is the units digit of 1115?
5
What is the units digit of 5705?
5
What is the thousands digit of 6797?
6
What is the thousands d